?
23
What is the remainder when 137160 is divided by 45574?
438
What is the remainder when 109474116 is divided by 46?
4
What is the remainder when 307083726 is divided by 112?
110
Calculate the remainder when 271459 is divided by 870.
19
What is the remainder when 68000202 is divided by 43?
2
What is the remainder when 3381121 is divided by 19544?
9
Calculate the remainder when 8689869 is divided by 280317.
42
What is the remainder when 5516791 is divided by 424359?
124
Calculate the remainder when 26789656 is divided by 3983.
3981
Calculate the remainder when 58334807 is divided by 1020.
1007
What is the remainder when 8727003 is divided by 146?
145
What is the remainder when 667137482 is divided by 62?
60
Calculate the remainder when 227648 is divided by 74987.
2687
What is the remainder when 1077834 is divided by 359277?
3
What is the remainder when 1082828 is divided by 484?
120
What is the remainder when 5984313 is divided by 18528?
18297
What is the remainder when 1521331 is divided by 114?
1
What is the remainder when 2472776 is divided by 23?
0
Calculate the remainder when 1574370 is divided by 1498.
1470
What is the remainder when 4827399 is divided by 229876?
3
Calculate the remainder when 1838360 is divided by 13038.
2
Calculate the remainder when 8732415 is divided by 249496.
55
Calculate the remainder when 31029 is divided by 23.
2
Calculate the remainder when 480682 is divided by 83.
29
Calculate the remainder when 93180 is divided by 352.
252
Calculate the remainder when 194562 is divided by 4032.
1026
Calculate the remainder when 70881290 is divided by 33.
29
Calculate the remainder when 766709985 is divided by 8646.
8643
Calculate the remainder when 176684 is divided by 828.
320
Calculate the remainder when 376632 is divided by 211.
208
What is the remainder when 6735120 is divided by 40090?
0
What is the remainder when 8939565 is divided by 490?
5
What is the remainder when 6289745 is divided by 37663?
24
Calculate the remainder when 1343648 is divided by 18923.
115
Calculate the remainder when 19121772 is divided by 2872.
2868
Calculate the remainder when 719952 is divided by 11.
2
Calculate the remainder when 739002 is divided by 42.
12
What is the remainder when 996257 is divided by 574?
367
Calculate the remainder when 965988 is divided by 344.
36
Calculate the remainder when 483936 is divided by 536.
464
Calculate the remainder when 92613 is divided by 70.
3
Calculate the remainder when 14155 is divided by 14155.
0
What is the remainder when 5788795 is divided by 134?
129
What is the remainder when 24816149 is divided by 3264?
3221
Calculate the remainder when 25338965 is divided by 246009.
38
Calculate the remainder when 1091837 is divided by 18197.
17
Calculate the remainder when 12075 is divided by 9704.
2371
What is the remainder when 475888 is divided by 1269?
13
What is the remainder when 28812350 is divided by 444?
302
What is the remainder when 6520305 is divided by 2560?
2545
Calculate the remainder when 213481 is divided by 2542.
2495
Calculate the remainder when 13027768 is divided by 839.
615
What is the remainder when 9067976 is divided by 90?
26
What is the remainder when 30242482 is divided by 73404?
34
What is the remainder when 4746862 is divided by 52163?
29
What is the remainder when 515261 is divided by 64372?
285
Calculate the remainder when 2115675 is divided by 1014.
471
What is the remainder when 86286934 is divided by 10785861?
46
Calculate the remainder when 80092 is divided by 8694.
1846
What is the remainder when 7283206 is divided by 1881?
1855
Calculate the remainder when 434719 is divided by 61948.
1083
Calculate the remainder when 445422 is divided by 2979.
1551
What is the remainder when 129758 is divided by 694?
674
Calculate the remainder when 1322823 is divided by 1483.
1470
Calculate the remainder when 50731112 is divided by 8164.
16
What is the remainder when 164219 is divided by 54634?
317
Calculate the remainder when 14341871 is divided by 9479.
144
What is the remainder when 29918833 is divided by 22?
21
Calculate the remainder when 3703963 is divided by 617310.
103
Calculate the remainder when 684777 is divided by 76070.
147
Calculate the remainder when 41951544 is divided by 67230.
24
What is the remainder when 1264535 is divided by 252897?
50
What is the remainder when 22411199 is divided by 100?
99
What is the remainder when 332517 is divided by 3615?
3552
Calculate the remainder when 57816 is divided by 5221.
385
Calculate the remainder when 55640 is divided by 530.
520
What is the remainder when 4108576 is divided by 10927?
24
What is the remainder when 881531 is divided by 415?
71
Calculate the remainder when 169545 is divided by 42292.
377
What is the remainder when 169170069 is divided by 2792?
2789
Calculate the remainder when 180636 is divided by 59934.
834
What is the remainder when 3371114 is divided by 9036?
686
What is the remainder when 5806764 is divided by 215065?
9
What is the remainder when 14693938 is divided by 1220?
258
What is the remainder when 856282 is divided by 873?
742
Calculate the remainder when 64642394 is divided by 336.
26
What is the remainder when 16460066 is divided by 2012?
1906
Calculate the remainder when 32628661 is divided by 23.
10
Calculate the remainder when 140751 is divided by 1618.
1603
Calculate the remainder when 67294613 is divided by 17.
11
Calculate the remainder when 221151 is divided by 24.
15
What is the remainder when 2931485 is divided by 132?
29
What is the remainder when 4430502 is divided by 349?
296
Calculate the remainder when 62792 is divided by 2681.
1129
What is the remainder when 7955816 is divided by 16749?
41
Calculate the remainder when 1084413 is divided by 541024.
2365
What is the remainder when 1796508 is divided by 598677?
477
Calculate the remainder when 30036509 is divided by 217.
20
Calculate the remainder when 426668 is divided by 906.
848
What is the remainder when 52304 is divided by 1140?
1004
What is the remainder when 952203 is divided by 1509?
24
What is the remainder when 225483 is divided by 250?
233
What is the remainder when 9259351 is divided by 214?
213
What is the remainder when 11609 is divided by 901?
797
What is the remainder when 1388039 is divided by 99141?
65
Calculate the remainder when 187738 is divided by 327.
40
What is the remainder when 181303148 is divided by 5470?
5468
Calculate the remainder when 6451869 is divided by 28.
25
Calculate the remainder when 1473780 is divided by 302.
20
Calculate the remainder when 4734035 is divided by 252.
215
Calculate the remainder when 31249 is divided by 10208.
625
Calculate the remainder when 30891041 is divided by 2216.
1
Calculate the remainder when 2891221 is divided by 734.
729
What is the remainder when 1879619 is divided by 1809?
68
Calculate the remainder when 3686013 is divided by 885.
873
Calculate the remainder when 1460768 is divided by 11686.
18
Calculate the remainder when 9711397 is divided by 2886.
7
What is the remainder when 1588051 is divided by 528939?
1234
What is the remainder when 743387 is divided by 297?
293
Calculate the remainder when 6134855 is divided by 346.
275
What is the remainder when 123111 is divided by 4102?
51
What is the remainder when 11414075 is divided by 24976?
43
Calculate the remainder when 940907698 is divided by 12.
10
What is the remainder when 2353194 is divided by 76?
6
Calculate the remainder when 159148203 is divided by 71.
70
Calculate the remainder when 4559 is divided by 1191.
986
What is the remainder when 1785345873 is divided by 12?
9
What is the remainder when 551132 is divided by 378?
8
What is the remainder when 71941 is divided by 7176?
181
What is the remainder when 3826670 is divided by 294314?
588
Calculate the remainder when 965692 is divided by 965638.
54
What is the remainder when 6215842 is divided by 6088?
6082
Calculate the remainder when 67299742 is divided by 16.
14
What is the remainder when 235126335 is divided by 20?
15
Calculate the remainder when 1697140 is divided by 180.
100
What is the remainder when 4389729 is divided by 12127?
11882
Calculate the remainder when 58709649 is divided by 11658.
11619
What is the remainder when 179258 is divided by 89611?
36